?
13
What is the greatest common divisor of 28 and 1456?
28
What is the highest common divisor of 272 and 119?
17
What is the highest common divisor of 2 and 66?
2
What is the highest common factor of 1728 and 108?
108
What is the highest common factor of 10 and 10?
10
Calculate the greatest common factor of 29 and 928.
29
Calculate the greatest common factor of 51 and 425.
17
Calculate the greatest common factor of 22 and 2794.
22
Calculate the highest common divisor of 140 and 3052.
28
Calculate the greatest common factor of 1220 and 20.
20
Calculate the highest common factor of 36 and 66.
6
Calculate the greatest common factor of 165 and 45.
15
What is the greatest common divisor of 17 and 1?
1
What is the highest common divisor of 40 and 70?
10
Calculate the greatest common divisor of 21 and 96.
3
What is the greatest common divisor of 5694 and 39?
39
What is the greatest common divisor of 68 and 34?
34
Calculate the highest common divisor of 72 and 684.
36
Calculate the greatest common divisor of 9 and 14949.
9
Calculate the greatest common divisor of 459 and 3264.
51
What is the greatest common divisor of 2057 and 17?
17
What is the greatest common divisor of 9632 and 2016?
224
Calculate the highest common divisor of 5644 and 83.
83
What is the highest common factor of 675 and 75?
75
What is the highest common divisor of 3818 and 46?
46
Calculate the highest common factor of 143 and 89661.
143
What is the greatest common factor of 130 and 26?
26
What is the greatest common divisor of 41 and 574?
41
Calculate the greatest common factor of 20 and 640.
20
What is the greatest common factor of 78 and 60?
6
What is the highest common divisor of 896 and 14?
14
Calculate the greatest common divisor of 89 and 2492.
89
What is the highest common divisor of 16 and 104?
8
What is the highest common divisor of 53 and 159?
53
Calculate the greatest common divisor of 47 and 94.
47
Calculate the highest common factor of 189 and 2025.
27
What is the highest common divisor of 378 and 74088?
378
Calculate the greatest common divisor of 14 and 133.
7
What is the highest common divisor of 26 and 2626?
26
What is the greatest common factor of 162 and 1053?
81
What is the greatest common factor of 57 and 106647?
57
Calculate the greatest common factor of 60 and 204.
12
What is the greatest common factor of 682 and 22?
22
Calculate the highest common factor of 2 and 766.
2
What is the highest common factor of 18 and 66?
6
What is the greatest common factor of 4046 and 42?
14
Calculate the highest common factor of 170 and 50.
10
Calculate the greatest common divisor of 216 and 24.
24
What is the highest common divisor of 1570 and 10?
10
What is the greatest common factor of 851 and 230?
23
What is the greatest common factor of 33 and 143?
11
What is the highest common factor of 23 and 621?
23
Calculate the highest common divisor of 74 and 20498.
74
What is the greatest common divisor of 25 and 8675?
25
Calculate the greatest common factor of 42 and 14686.
14
What is the greatest common factor of 14 and 1154?
2
Calculate the highest common divisor of 169 and 91.
13
What is the greatest common factor of 710 and 50?
10
Calculate the greatest common divisor of 8 and 8.
8
What is the greatest common factor of 592 and 333?
37
What is the greatest common factor of 165 and 4224?
33
Calculate the highest common divisor of 74 and 47767.
37
What is the greatest common divisor of 5556 and 12?
12
What is the greatest common factor of 730 and 10?
10
Calculate the greatest common divisor of 702 and 208.
26
Calculate the highest common factor of 10 and 35.
5
Calculate the highest common factor of 159 and 53.
53
Calculate the highest common divisor of 41 and 11603.
41
Calculate the greatest common divisor of 31 and 961.
31
Calculate the highest common divisor of 612 and 144.
36
What is the greatest common divisor of 936 and 2424?
24
Calculate the highest common factor of 17437 and 94.
47
Calculate the highest common factor of 3091 and 55.
11
Calculate the highest common divisor of 2014 and 38.
38
What is the highest common divisor of 22 and 2750?
22
What is the greatest common factor of 171 and 45?
9
Calculate the highest common divisor of 267 and 3.
3
What is the greatest common factor of 9900 and 45?
45
What is the highest common factor of 1098 and 126?
18
What is the greatest common divisor of 210 and 1407?
21
Calculate the highest common factor of 374 and 33.
11
What is the highest common divisor of 897 and 117?
39
Calculate the highest common divisor of 216 and 1008.
72
What is the greatest common divisor of 18 and 513?
9
What is the greatest common factor of 52247 and 39?
13
What is the highest common factor of 56406 and 51?
51
What is the highest common factor of 3535 and 35?
35
What is the highest common divisor of 36 and 522?
18
What is the greatest common factor of 660 and 105?
15
Calculate the highest common divisor of 816 and 510.
102
Calculate the highest common divisor of 18844 and 56.
28
What is the highest common factor of 2 and 276?
2
What is the highest common divisor of 34640 and 10?
10
What is the highest common divisor of 32 and 512?
32
What is the greatest common factor of 84 and 384?
12
What is the greatest common factor of 1734 and 48?
6
Calculate the greatest common divisor of 176 and 1001.
11
What is the highest common divisor of 473 and 33?
11
What is the highest common factor of 120 and 24?
24
Calculate the greatest common factor of 6150 and 12.
6
Calculate the greatest common factor of 84 and 224.
28
Calculate the greatest common factor of 345 and 2139.
69
Calculate the highest common factor of 88 and 275.
11
Calculate the greatest common divisor of 84 and 5670.
42
Calculate the greatest common factor of 7 and 889.
7
Calculate the greatest common divisor of 171 and 15.
3
Calculate the greatest common divisor of 5 and 145.
5
What is the greatest common factor of 4 and 3908?
4
What is the greatest common factor of 66 and 473?
11
Calculate the highest common factor of 312 and 351.
39
Calculate the highest common factor of 1280 and 60.
20
What is the greatest common factor of 84 and 120?
12
What is the highest common divisor of 390 and 1690?
130
Calculate the greatest common divisor of 786 and 4.
2
Calculate the highest common divisor of 1293 and 39.
3
What is the greatest common divisor of 278 and 30024?
278
Calculate the highest common factor of 611 and 273.
13
Calculate the highest common divisor of 92 and 1656.
92
Calculate the greatest common factor of 303 and 1717.
101
What is the greatest common divisor of 527 and 68?
17
Calculate the greatest common divisor of 12562 and 44.
22
Calculate the highest common factor of 120 and 160.
40
What is the greatest common divisor of 966 and 6?
6
Calculate the greatest common divisor of 231 and 66.
33
What is the greatest common divisor of 79 and 17854?
79
What is the greatest common factor of 273 and 2002?
91
Calculate the highest common divisor of 1045 and 665.
95
Calculate the greatest common factor of 5 and 15.
5
Calculate the greatest common divisor of 78 and 104.
26
What is the highest common factor of 3 and 1314?
3
Calculate the highest common divisor of 1328 and 249.
83
Calculate the highest common factor of 55 and 1155.
55
Calculate the greatest common factor of 24 and 321.
3
What is the greatest common factor of 275 and 1200?
25
What is the highest common divisor of 806 and 2449?
31
Calculate the highest common divisor of 92 and 299.
23
What is the highest common divisor of 14402 and 38?
38
Calculate the highest common divisor of 16 and 100.
4
What is the highest common factor of 96 and 84?
12
What is the highest common divisor of 1265 and 33?
11
Calculate the greatest common divisor of 25 and 10.
5
Calculate the highest common factor of 783 and 135.
27
What is the greatest common factor of 53 and 8?
1
What is the highest common factor of 280 and 120?
40
What is the greatest common divisor of 658 and 9306?
94
What is the greatest common divisor of 28 and 412?
4
What is the highest common divisor of 365 and 15?
5
What is the highest common divisor of 210 and 90?
30
Calculate the greatest common divisor of 1341 and 18.
9
Calculate the highest common divisor of 34 and 13906.
34
What is the greatest